 common factor of 1 and c?
1
Let a = -377 + 757. What is the highest common divisor of 20 and a?
20
Suppose 2*f = 3*c - 6, 3 - 15 = 5*c + 4*f. Let z(v) = -v**3 + v**2 + 144. Let y be z(c). Calculate the greatest common divisor of 16 and y.
16
Let f be (84/(0 + 4))/(3/2). Calculate the highest common factor of 35 and f.
7
Let i be 2/((-4)/2)*-97. Suppose -4*t - n + i = 0, 2*t + 2*t - 99 = -3*n. Calculate the greatest common factor of 36 and t.
12
Let c be 6*-1*(-665)/21. What is the highest common factor of c and 10?
10
Let i(y) be the second derivative of -y**5/20 + 7*y**4/4 + 7*y**3/2 + 27*y**2 + 13*y. Let w be i(22). What is the greatest common factor of w and 80?
16
Let o be (-3 - -63) + 0/1. Let a(g) = -31*g - 11. Let l be a(-1). Calculate the greatest common factor of o and l.
20
Suppose 5*o = s - 179 - 269, 0 = s + 3*o - 416. What is the highest common divisor of s and 8?
4
Let y be (2 - -29) + -1 + -3. Suppose -2*f - f + y = 0. Let h(v) = -v**3 + 9*v**2 + 5*v - 5. Let o be h(f). Calculate the highest common divisor of 20 and o.
20
Let p(q) = 2*q**2 + 14*q + 3. Let b be p(-7). Suppose 4*k + 3*n - 138 = 0, -2*n - b*n = -3*k + 89. Calculate the greatest common factor of 55 and k.
11
Let k(s) = 6*s - 1. Let p be k(1). Let l be 1/p - 904/20. Let w = 165 + l. What is the highest common divisor of 15 and w?
15
Suppose -279 = -5*q + 3*f, q - 53 = -5*f + 14. Let r(l) = l**2 - 45*l + 272. Let u be r(6). Calculate the greatest common divisor of q and u.
19
Let y = 13 - 11. Suppose 0 = -h - 0*h + 4. Suppose 0 = h*c - 4*p - 24, 3*c - 3*p - 40 = -y*c. What is the highest common factor of c and 77?
11
Suppose x - 49 - 46 = 0. Suppose -5*m + 70 = -x. What is the greatest common divisor of 165 and m?
33
Suppose 5*q = 2*a + 320, 5*a + 5 = 6*a. What is the greatest common factor of 539 and q?
11
Suppose -4*l + 354 = -162. Suppose -17*k + 67 + 1 = 0. Suppose 4*y + k*c = 120, 4*y - l = 3*c - 9. Calculate the greatest common factor of 6 and y.
6
Let h be (306/(-8))/(1/(-4)). Suppose 4734*t - 423 = 4687*t. Calculate the greatest common factor of h and t.
9
Let p = -1358 + 1381. Calculate the highest common divisor of 621 and p.
23
Let p be 6 + 522 + (-1 - 0). Calculate the highest common divisor of p and 31.
31
Let t = 107 - 86. What is the greatest common divisor of t and 168?
21
Let k(p) = 116*p + 1. Let j = 2 - -1. Suppose 1 = j*u - 2. Let l be k(u). Calculate the greatest common divisor of 13 and l.
13
Let p(u) be the second derivative of u**3 - 7*u**2 - 26*u. Let z be p(5). Calculate the highest common factor of z and 176.
16
Let h = 7 + 3. Let w(l) = l**2 - 12*l - 34. Let u be w(16). What is the greatest common divisor of h and u?
10
Let c(i) be the third derivative of i**4/12 - i**3/6 - i**2. Let v be c(8). Let f = 3561 - 3456. What is the greatest common factor of v and f?
15
Let k be 7/((-7)/(-4))*1. Suppose 265 = 3*l - k*u, u - 5 = -0*u. Suppose 44*x - 47*x + 57 = 0. Calculate the highest common factor of x and l.
19
Let h be 133 + 0 - (-13 + (18 - 0)). What is the highest common divisor of 1472 and h?
64
Let n(j) = 5*j**2 + 62*j - 12. Let q be n(-14). What is the greatest common divisor of q and 300?
100
Let c(s) = 2*s**2 + 29*s - 7. Let n be c(-15). Suppose n - 11 = -3*r. Suppose -1 = -u + 2. Calculate the greatest common factor of r and u.
1
Let l be (357*2)/2 - 3. Suppose -13*h + 10*h = -l. Suppose 3*w - f + 3*f = h, -3*w + 117 = 3*f. What is the highest common factor of w and 60?
20
Let n be ((-100)/(-6))/(875/2100). What is the greatest common factor of n and 456?
8
Suppose 6 - 132 = -9*y. Calculate the highest common factor of y and 6.
2
Suppose 2*g = -5*l + 142, g - 2*g = -l + 27. Suppose -5*p = -0*p - 30. Let a be (14/p)/(6/18). Calculate the highest common factor of a and l.
7
Suppose 0 = -5*n - 167 + 227. Let j(x) = -x + 1. Let l be j(-2). Calculate the greatest common divisor of l and n.
3
Suppose f + 6 = 3. Let u be (8 - (-1 - f))/2. Let h be 1/((-1)/(-8)) + u. Calculate the greatest common divisor of h and 99.
11
Suppose -8*z - 4*l + 816 = -6*z, 0 = l + 3. Calculate the highest common divisor of z and 6.
6
Let z be ((-35)/14)/(5/(-4)). Suppose -5*t = 4*x - 149 + 43, 2*x - 52 = -z*t. What is the greatest common factor of 132 and x?
12
Let t be (-2 + (-39)/(-12))*(3 - -113). Let c(z) = 1 + z + 0 + 3*z + 5*z**2 + 0. Let s be c(3). What is the greatest common divisor of t and s?
29
Suppose -17*q + 23*q = 18. What is the highest common factor of 12 and q?
3
Let r(c) = c**2 + 13*c - 4. Let o be r(-14). Let w be 6*3*o/12. Calculate the greatest common factor of w and 10.
5
Let m = -17 + 20. Suppose -4*p + 64 = m*i, p + 58 = 3*i - p. Calculate the highest common factor of i and 20.
20
Let y = 288 + -862. Let c be 1/(-2 - y/286). What is the greatest common factor of 13 and c?
13
Let r be 0/(-1 - (-5 + (2 - 0))). Let i be (14 - r)/(7/14). Calculate the greatest common factor of i and 28.
28
Suppose -36*d + 33*d + 123 = 0. What is the greatest common factor of 205 and d?
41
Let q = -28 - -46. Let z = 27 - q. Suppose -6 = 7*o - z*o. Calculate the greatest common factor of 2 and o.
1
Suppose 4 = -2*g + 2*d, -6*g + g - 3*d = -30. Suppose 0 = -2*t + g*w + 324 + 416, -1850 = -5*t - 4*w. What is the greatest common factor of 37 and t?
37
Let n be -2*(20/(-15))/((-4)/(-36)). Calculate the highest common divisor of 312 and n.
24
Suppose 4*z + 46 - 58 = 0. Suppose z*f = -4*u + 7*f, -4*u - 3*f = -28. Calculate the highest common factor of 32 and u.
4
Suppose 5*m - 128 = -28. Suppose -m = -y - y. Let b(o) = -o**3 + 21*o**2 + 349*o - 23. Let p be b(-11). Calculate the highest common factor of p and y.
10
Let w be 1 - (-1 - (3 - -2)). Suppose 4*y - w = 1. Suppose -34*b - 3 = -37*b. What is the greatest common divisor of b and y?
1
Suppose 8*u = 7803 - 4363. What is the greatest common divisor of 86 and u?
86
Let i(b) = 8*b**2 - 9*b - 8. Let l(d) = d**3 - 7*d**2 + 8*d + 8. Let f(n) = 4*i(n) + 5*l(n). Let t be f(4). Calculate the highest common divisor of 37 and t.
37
Suppose 4*r + 19 = 5*q + 3*r, 12 = -3*r. Suppose 3*l + 2*t - 233 = q*t, 0 = -4*l - 3*t + 315. Calculate the greatest common divisor of 39 and l.
39
Let o(t) = -7 + 0*t - 4*t + 0*t + t. Let z be o(-3). What is the highest common factor of z and 6?
2
Let l be (-1 + 2 - -81) + 2. Let u(t) = t**3 - 13*t**2 - 26*t - 18. Let n be u(15). Calculate the highest common factor of n and l.
42
Suppose 0*t = 2*h + 5*t + 7, -2*h + 2 = -4*t. Let p be h/4 - (-291)/12. Suppose -5*q + p = -26. Calculate the greatest common divisor of 100 and q.
10
Let w(r) = 139 - 139 - 4*r. Let f be w(4). Let b be (-62)/(-8) - 4/f. What is the greatest common divisor of 2 and b?
2
Let h be (-18)/(0 - -3) + 86. Calculate the greatest common divisor of h and 100.
20
Suppose -11*z + 6*z + 25 = 0. Suppose z*d - 13 = 2*h, -4 = -3*h - 5*d + 14. Let c = 1 + 0. Calculate the highest common factor of c and h.
1
Let u = -18 + 16. Let p be (u - -1) + 4 + 20. Suppose -4*v + 24 = 3*r - 10, v = r - p. What is the highest common factor of 72 and r?
18
Let z(t) = -65*t - 44. Let g be z(-12). What is the highest common divisor of g and 115?
23
Suppose -3*f - 134 = -29. Let r = f - -43. What is the highest common divisor of r and 32?
8
Suppose -2*f - 56 = -2*x, 4*x + 48 = -3*f - 15. Let k be ((-10)/f)/(1/20). Suppose 5*c - 132 = k. Calculate the greatest common divisor of c and 4.
4
Let t = -967 - -1321. Calculate the highest common factor of t and 6.
6
Suppose 0 = 41*o + 37 - 734. Calculate the greatest common divisor of o and 391.
17
Let p be 5*(-21 + 0)*48/(-45). What is the highest common divisor of 16 and p?
16
Let g(k) = -2*k + 1 - 1 - 1 - 2. Let u be g(-4). Suppose -f + 8 = u*i, 5*i - f - 5 = -3. What is the highest common divisor of 11 and i?
1
Let w = 29 + -33. Let v be (-143)/w + 9/36. Calculate the greatest common divisor of 18 and v.
18
Suppose -203 = -3*k - 4*k. Calculate the highest common divisor of 145 and k.
29
Let v be 1/(651/324 - 2). Let w be (6/18)/(2/(-6)). Let r be (54/(-21))/(w/14). Calculate the greatest common divisor of v and r.
36
Suppose 0*i = 3*o + i - 4, 5*i = -3*o + 8. Let d be -1 - -13 - (-3 - o). What is the greatest common factor of 80 and d?
16
Let z = -358 - -466. What is the greatest common factor of z and